 13
Let u be (-6)/(8/4) + 563. Let d be (6/(-15))/((-3)/4125). Suppose -3*c - 2*n = -3*n - u, d = 3*c + n. What are the prime factors of c?
5, 37
Let j = -16398 + 23603. What are the prime factors of j?
5, 11, 131
List the prime factors of 19/(4788/981816) + (-8)/84.
2, 487
Let u = -16237 + 26247. What are the prime factors of u?
2, 5, 7, 11, 13
Suppose 182*c + 303354 = 107*c + 93*c. What are the prime factors of c?
19, 887
Let i be 1 + -4 - 624 - (-2 + -2). Let z = i + 931. List the prime factors of z.
2, 7, 11
Let a be 4/6*(-6 - -45). Let p = a - 14. Suppose p*k - 542 = 130. List the prime factors of k.
2, 7
Let d be (-1)/(-3 + 1)*(16 - 18). What are the prime factors of ((-2495)/(-15))/d*-3?
499
Let a = -56 + 49. Let w be (-1 + (-13)/a)/(186/868). Suppose w*s + 617 = 5*k, 2*s - s = 5*k - 623. What are the prime factors of k?
5
What are the prime factors of 69927539/2149 + 30/21?
3, 10847
Suppose -178*f + 78*f + 79*f = -746004. List the prime factors of f.
2, 83, 107
Let l(s) = 670*s**2 + 12*s - 46. Let v be l(3). Suppose -v = -22*d - 2170. List the prime factors of d.
5, 7
Let w = 61882 - 34819. What are the prime factors of w?
3, 31, 97
List the prime factors of 2276 - (-15 - (4 + -3)).
2, 3, 191
Let n be (1/2)/(2/48). Suppose -4*o = -n + 4. Suppose 8*r - 804 = o*r. List the prime factors of r.
2, 67
Let t = 42345 - 8019. What are the prime factors of t?
2, 3, 1907
Let u(b) = -b. Let y(t) = 105*t - 5. Let r(l) = -6*u(l) + y(l). Suppose -262*h = -272*h + 10. List the prime factors of r(h).
2, 53
Suppose -4*f - z + 10570 = 0, -2*z - 28 = -16. What are the prime factors of f?
2, 661
Let b(l) = -l**3 - 5*l**2 - 5*l + 10. Let j be 3/12 + (-37)/4 + 2. Let q(m) = -m**3 - 6*m**2 + 7*m - 5. Let k be q(j). List the prime factors of b(k).
5, 7
Suppose 4*w - 1584 = -2*o - 2*o, o - 2*w - 384 = 0. Let s = o - 25. What are the prime factors of s?
367
Suppose -7*x = -11*x + 4*j + 16, 10 = 5*j. Let i(k) = -k**3 + 6*k**2 + 19*k - 8. List the prime factors of i(x).
2, 53
Let r = -103 + 92. List the prime factors of (-3)/((33/122)/r).
2, 61
Suppose 0 = -3*o + 5*t + 41242, -5*o + 4*t + t = -68740. What are the prime factors of o?
3, 4583
Suppose 1803*x = 1811*x - 177112. What are the prime factors of x?
13, 131
Let l = 167 + 40859. What are the prime factors of l?
2, 73, 281
Let a(l) = l**3 - 26*l**2 + 28*l + 43. Let i be a(22). Let f = i + 1919. Suppose 5*s + 62 = f. List the prime factors of s.
2, 29
Let f(o) = -138*o**3 - 7*o**2 + 15*o - 4. Let n(p) = 138*p**3 + 7*p**2 - 18*p + 6. Let l(x) = 5*f(x) + 4*n(x). List the prime factors of l(-2).
2, 3, 179
Let c(b) = b - 14. Let x be c(20). Suppose -w = q - 9, -x - 7 = -5*q + 3*w. Suppose -q*i = -8*i + 597. List the prime factors of i.
199
Suppose b = -0*b. Suppose -v + 6*v = -3*y + 1, -4*y + 2*v + 10 = b. Suppose -80 = -y*w + w. What are the prime factors of w?
2, 5
Suppose -5*w = -w + 12. Let z be w/2*6414/9 - 1. What are the prime factors of z/(-10) - (-1 + 1)?
107
Suppose 216790 = -54*s + 1120102. What are the prime factors of s?
2, 3, 17, 41
Let o(n) = 2*n**3 + 75*n**2 + 38*n + 23. Let x be o(-37). What are the prime factors of 71*(9 + 7 + x)?
2, 71
Let w(i) = i**2 + 6*i - 9. Let t be w(-7). Let f be (-2 + 3 + -2)/(t/60). Let v = -26 + f. What are the prime factors of v?
2
Suppose -i - 4 = 0, t - 4*i = 11742 - 98. What are the prime factors of t?
2, 3, 17, 19
Let k(x) be the second derivative of -35*x**3/6 + 763*x**2/2 - 3*x + 2. What are the prime factors of k(0)?
7, 109
Suppose 11*l - 337 - 37 = 0. Suppose 4*r = -3*p - 40, -3*p = -2*r - 0*r + l. List the prime factors of p*((-1)/3)/1 - -21.
5
Let y(q) = 2*q + 2. Let w(z) = -3*z - 3. Let g(c) = -5*w(c) - 7*y(c). Let r be g(2). Suppose r*o = 329 + 292. List the prime factors of o.
3, 23
Let x(r) = -60*r - 170. Suppose -2*h - 8 = -6*h, -38 = 4*g - 5*h. List the prime factors of x(g).
2, 5
Suppose 4*r = 10*r - 8*r + 47366. What are the prime factors of r?
11, 2153
Suppose 76 = 4*v + 3*a - a, -v = 3*a - 9. What are the prime factors of (-63)/v*50/(-3)?
2, 5
Let x(r) = -1108*r + 56. Let v be x(-7). Suppose -7*o + 0*o + v = 0. What are the prime factors of o?
2, 3, 31
Let h(k) = 786*k - 327. List the prime factors of h(10).
3, 31
Suppose 0 = -7*w - 160 - 15. What are the prime factors of (-16 - w)/((-9)/(-291))?
3, 97
Let v = 12484 - 6206. What are the prime factors of v?
2, 43, 73
Suppose 0 = 3*u - 2*j - 20025, -4*u = -60*j + 59*j - 26700. List the prime factors of u.
3, 5, 89
Let t be (-4)/((-4)/(-6)*(-21)/(-28)). Let y = -5 - t. Suppose -j - y*j + 103 = -a, 3 = -a. What are the prime factors of j?
5
Let u(j) = j**2 + 6*j - j + 580 + 11*j - 515. What are the prime factors of u(-36)?
5, 157
Let i(k) = -k**2 - k. Let d(u) = -4*u**2 + 13*u + 5. Let m(z) = -d(z) + 5*i(z). Let q be m(-13). Suppose q*t = 57*t + 444. List the prime factors of t.
2, 37
Let f = -23532 - -41400. List the prime factors of f.
2, 3, 1489
List the prime factors of 640/10 + 2 + -13.
53
Let p(l) = 15*l - 7. Let h be p(5). Let z = h - 53. Suppose -z*n - 118 = -17*n. What are the prime factors of n?
59
Let n(o) = -3*o - 3. Let x be n(-1). Let b be 4 + (x - 1) + -3 + 3. Suppose -486 = -5*y + 2*p, b*y = 4*p - 147 + 447. What are the prime factors of y?
2, 3
Let z be 0/(2/(-6)*-3). Suppose 2*x + 4*t - 2960 + 548 = z, -1216 = -x + 3*t. What are the prime factors of x?
2, 5, 11
Suppose -5*m - 133758 = -5*p - 19618, 2*p - 45661 = m. List the prime factors of p.
3, 43, 59
Let n be (1*-3)/(15/(-2015)). What are the prime factors of (n - -4) + 5 + 7 + -2?
3, 139
What are the prime factors of (-1 - 4) + (-19 + 449819)/25?
17987
Let q(j) = -20*j + 6. Let t be (-1)/(7/35) + -5. List the prime factors of q(t).
2, 103
Let b(x) = x**2 - 8*x + 2*x + 15*x + 13. Let n be b(-8). Suppose -n*z - 52 = -212. What are the prime factors of z?
2
Let i = -6 + 4. What are the prime factors of i/14 + 45387/189?
2, 3, 5
Let d(y) = -y**3 - 5*y**2 - y + 14. Let a be d(-4). Suppose a*g = -2*w + 7*g + 3783, 2*w - 3774 = 2*g. What are the prime factors of w?
2, 3, 157
Suppose k = h - 52 + 5834, 0 = -5*h. List the prime factors of k.
2, 7, 59
Let r(b) = -b**2 - 29*b - 56. Let w be r(-27). List the prime factors of w - ((-746)/11 - (-2)/(-11)).
2, 3, 11
Let u = 36852 + -9436. What are the prime factors of u?
2, 23, 149
Let b be (160/(-32))/(2 - 1). Let n(p) = -117*p - 11. What are the prime factors of n(b)?
2, 7, 41
Let m be (108/10)/(24/3840). Suppose 34*x + m = 37*x. What are the prime factors of x?
2, 3
Let d(m) = m**3 - 62*m**2 + 161*m - 428. List the prime factors of d(61).
2, 709
Suppose 1264616 = 130*q - 906644. List the prime factors of q.
2, 7, 1193
Let u be (14/6)/(-4 + (-65)/(-15)). What are the prime factors of (-885)/(-105) - 3/u?
2
Let m = 534 - 366. Suppose 1254 = 2*p + m. What are the prime factors of p?
3, 181
Let d = 11943 + -6019. List the prime factors of d.
2, 1481
Suppose 37 = -2*d + v, d - 20 = 2*d - 2*v. Let g be 1*63 - (-2 + d/(-3)). Let i = 181 + g. What are the prime factors of i?
2, 3, 5
Let n(k) = -7*k**2 - 19*k - 22. Let z be ((-81)/6)/(15/20). Let j be n(z). What are the prime factors of 2/13 + j/(-104)*8?
2, 3, 5
Let f(n) be the third derivative of n**6/60 - n**5/6 + 3*n**4/4 + n**3/2 + 2*n**2 - 23. List the prime factors of f(6).
3, 61
Let v(l) = l**3 - 33*l**2 - 8*l + 202. What are the prime factors of v(40)?
2, 3, 1847
Let i = 32 + -32. Suppose i*z = -3*z + 9. Suppose k - z*w - 38 - 19 = 0, -15 = 5*w. List the prime factors of k.
2, 3
Suppose 8*c + 5715 = -7*c. Let u = 650 + c. What are the prime factors of u?
269
Let m(p) = -541*p - 1267. List the prime factors of m(-4).
3, 13, 23
Let g = 34435 + -23275. List the prime factors of g.
2, 3, 5, 31
Suppose 2*j - 803 - 373 = 0. Let l = 1137 - j. What are the prime factors of l?
3, 61
Let y be (-26 + 18)*6/(-8). Let a(g) = 84*g + 119. What are the prime factors of a(y)?
7, 89
Let j(o) = 1646*o**2 + 63*o - 123. What are the prime factors of j(2)?
7, 941
Suppose -239 = -12*v + 3217. Suppose -36*z + 48*z - v = 0. What are the prime factors of z?
2, 3
Let v(y) = 2*y**3 + 2*y**2 + 3*y + 66. Let i be v(26). What are the prime factors of (2 + -1)/(i/9160 + -4)?
5, 229
Let s(d) = -2*d**2 + 26 - 90 + 30 - 7*d + 28. Let j be s(-2). Suppose u + 5*p - 87 = -2